{"id":10557,"date":"2026-03-10T20:18:58","date_gmt":"2026-03-10T19:18:58","guid":{"rendered":"https:\/\/www.teatrostudio.it\/?post_type=tribe_events&#038;p=10557"},"modified":"2026-03-12T11:49:55","modified_gmt":"2026-03-12T10:49:55","slug":"colloqui-del-tonale","status":"publish","type":"tribe_events","link":"https:\/\/www.teatrostudio.it\/index.php\/event\/colloqui-del-tonale\/","title":{"rendered":"Colloqui del Tonale"},"content":{"rendered":"<p><a href=\"\/public\/COLLOQUI-TONALE-ROSA.png\"><img loading=\"lazy\" decoding=\"async\" class=\"alignleft size-medium wp-image-10558\" src=\"\/public\/COLLOQUI-TONALE-ROSA-212x300.png\" alt=\"\" width=\"212\" height=\"300\" srcset=\"\/public\/COLLOQUI-TONALE-ROSA-212x300.png 212w, \/public\/COLLOQUI-TONALE-ROSA-724x1024.png 724w, \/public\/COLLOQUI-TONALE-ROSA-768x1086.png 768w, \/public\/COLLOQUI-TONALE-ROSA-1086x1536.png 1086w, \/public\/COLLOQUI-TONALE-ROSA.png 1414w\" sizes=\"auto, (max-width: 212px) 100vw, 212px\" \/><\/a><\/p>\n<p>La guerra d&#8217;Argo e altre cronache.<\/p>\n<p>Come altra volta \u00e8 accaduto, un Colloquio singolo \u00e8 in realt\u00e0 un omaggio. Nonostante che in questo caso coinvolga la prima presentazione di un\u2019opera di chi scrive, l\u2019omaggio \u00e8 tutto per Rosa che in uno di essi parla. Infatti, \u00e8 proprio a lei che la lettura curata dalla Compagnia Teatro Studio dar\u00e0 voce.<\/p>\n<p>&nbsp;<\/p>\n<p>Non dovrebbe per\u00f2 risultare bizzarro \u2013 malgrado l\u2019odierno egotismo coltivato nella sfera pubblica e nel senso comune \u2013 ricordare che l\u2019omaggio a qualche persona o evento \u00e8 un modo per riconoscere che quella particolarit\u00e0 ci riguarda, ossia per ragionare sul suo carattere intimamente collettivo, non sulla sua imperscrutabile eccezionalit\u00e0.<\/p>\n<p>&nbsp;<\/p>\n<p>Il caso qui in questione ci pone di fronte un orizzonte umano, una vita quotidiana che la distanza epocale rende, come annunciato dal titolo, altra. Eppure, sono proprio queste le postazioni giuste per comprendere noi stessi, perch\u00e9 mentre portano a misurarci sulle differenze, ci rammentano quanto del passato sia alle radici del nostro presene e quanto, delle fatiche di generazioni passate, sia ancora nella nostra fatica.<\/p>\n<p>&nbsp;<\/p>\n<p>Il venticinquesimo Colloquio, allora, si propone soprattutto come festa, protraendosi secondo consuetudine nella convivialit\u00e0 serale, mentre la voce dei campi sar\u00e0, pi\u00f9 che mai, fraterna<\/p>\n","protected":false},"excerpt":{"rendered":"<p>La guerra d&#8217;Argo e altre cronache. Come altra volta \u00e8 accaduto, un Colloquio singolo \u00e8 in realt\u00e0 un<\/p>\n","protected":false},"author":1,"featured_media":10619,"template":"","meta":{"ngg_post_thumbnail":0,"_tribe_events_status":"","_tribe_events_status_reason":"","footnotes":""},"tags":[],"tribe_events_cat":[],"class_list":["post-10557","tribe_events","type-tribe_events","status-publish","has-post-thumbnail","hentry"],"_links":{"self":[{"href":"https:\/\/www.teatrostudio.it\/index.php\/wp-json\/wp\/v2\/tribe_events\/10557","targetHints":{"allow":["GET"]}}],"collection":[{"href":"https:\/\/www.teatrostudio.it\/index.php\/wp-json\/wp\/v2\/tribe_events"}],"about":[{"href":"https:\/\/www.teatrostudio.it\/index.php\/wp-json\/wp\/v2\/types\/tribe_events"}],"author":[{"embeddable":true,"href":"https:\/\/www.teatrostudio.it\/index.php\/wp-json\/wp\/v2\/users\/1"}],"version-history":[{"count":3,"href":"https:\/\/www.teatrostudio.it\/index.php\/wp-json\/wp\/v2\/tribe_events\/10557\/revisions"}],"predecessor-version":[{"id":10620,"href":"https:\/\/www.teatrostudio.it\/index.php\/wp-json\/wp\/v2\/tribe_events\/10557\/revisions\/10620"}],"wp:featuredmedia":[{"embeddable":true,"href":"https:\/\/www.teatrostudio.it\/index.php\/wp-json\/wp\/v2\/media\/10619"}],"wp:attachment":[{"href":"https:\/\/www.teatrostudio.it\/index.php\/wp-json\/wp\/v2\/media?parent=10557"}],"wp:term":[{"taxonomy":"post_tag","embeddable":true,"href":"https:\/\/www.teatrostudio.it\/index.php\/wp-json\/wp\/v2\/tags?post=10557"},{"taxonomy":"tribe_events_cat","embeddable":true,"href":"https:\/\/www.teatrostudio.it\/index.php\/wp-json\/wp\/v2\/tribe_events_cat?post=10557"}],"curies":[{"name":"wp","href":"https:\/\/api.w.org\/{rel}","templated":true}]}}

<p><a href="/public/COLLOQUI-TONALE-ROSA.png"><img loading="lazy" decoding="async" class="alignleft size-medium wp-image-10558" src="/public/COLLOQUI-TONALE-ROSA-212x300.png" alt="" width="212" height="300" srcset="/public/COLLOQUI-TONALE-ROSA-212x300.png 212w, /public/COLLOQUI-TONALE-ROSA-724x1024.png 724w, /public/COLLOQUI-TONALE-ROSA-768x1086.png 768w, /public/COLLOQUI-TONALE-ROSA-1086x1536.png 1086w, /public/COLLOQUI-TONALE-ROSA.png 1414w" sizes="auto, (max-width: 212px) 100vw, 212px" /></a></p>
<p>La guerra d&#8217;Argo e altre cronache.</p>
<p>Come altra volta è accaduto, un Colloquio singolo è in realtà un omaggio. Nonostante che in questo caso coinvolga la prima presentazione di un’opera di chi scrive, l’omaggio è tutto per Rosa che in uno di essi parla. Infatti, è proprio a lei che la lettura curata dalla Compagnia Teatro Studio darà voce.</p>
<p>&nbsp;</p>
<p>Non dovrebbe però risultare bizzarro – malgrado l’odierno egotismo coltivato nella sfera pubblica e nel senso comune – ricordare che l’omaggio a qualche persona o evento è un modo per riconoscere che quella particolarità ci riguarda, ossia per ragionare sul suo carattere intimamente collettivo, non sulla sua imperscrutabile eccezionalità.</p>
<p>&nbsp;</p>
<p>Il caso qui in questione ci pone di fronte un orizzonte umano, una vita quotidiana che la distanza epocale rende, come annunciato dal titolo, altra. Eppure, sono proprio queste le postazioni giuste per comprendere noi stessi, perché mentre portano a misurarci sulle differenze, ci rammentano quanto del passato sia alle radici del nostro presene e quanto, delle fatiche di generazioni passate, sia ancora nella nostra fatica.</p>
<p>&nbsp;</p>
<p>Il venticinquesimo Colloquio, allora, si propone soprattutto come festa, protraendosi secondo consuetudine nella convivialità serale, mentre la voce dei campi sarà, più che mai, fraterna</p>

<p>La guerra d&#8217;Argo e altre cronache. Come altra volta è accaduto, un Colloquio singolo è in realtà un</p>
